 + 5*t**4/24 + t**3 - 15*t**2 + 80*t. Let r(s) be the first derivative of h(s). What is r(5)?
6
Let t = -4515 - -13547/3. Let x(b) be the first derivative of 5*b - t*b**3 - 2*b**2 - 2. Calculate x(-5).
-25
Let u = 11 - 9. Suppose 3*d - 4*w + 12 = 0, d - 6*w + 15 = -w. Let p(a) = -11*a**2 + 2*a**3 - 4*a + d*a**3 + 10*a**2 + 3 - a**3. Give p(u).
-1
Let z be (-35)/(-5 + -2) - (25 - 8). Let a(f) = 19*f + 224. What is a(z)?
-4
Let n(j) be the third derivative of -1/8*j**4 + 6*j + 2*j**2 + 0 - 2/3*j**3. Determine n(0).
-4
Suppose -33*t - 2218 + 2350 = 0. Let p(o) be the second derivative of 27*o + 1/12*o**t - 1/2*o**3 + 0 - 5/2*o**2. What is p(4)?
-1
Let x(k) = -4*k**2 - 978*k**3 - 218 + 977*k**3 - 5*k + 209. Give x(-4).
11
Let k(j) = 11*j + 40. Suppose -9 = 3*h, -45*t = -42*t + 2*h + 15. Determine k(t).
7
Let x(i) = -4*i + 27. Suppose -27*m + 25*m - 84 = 0. Let z = 51 + m. What is x(z)?
-9
Let y(g) be the second derivative of -9 + 7/12*g**4 + 9/2*g**2 + 1/2*g**3 + 1/20*g**5 + g. Give y(-6).
27
Let y(j) be the third derivative of -j**5/15 + j**4/6 - 2*j**3/3 - 25*j**2 - 35. Give y(-5).
-124
Let b(j) = j**2 + 8*j + 1. Suppose -220*m + 217*m = -9. Let c be m*(5 + 46/(-6)). Give b(c).
1
Suppose 0 = 2*c + 3*h + 2, 38*c - 4 = 40*c + 4*h. Let q(l) be the first derivative of -20 + 1/2*l**c + 1/3*l**3 - l. Determine q(-3).
5
Let j(o) = 17*o + 16. Let n(h) = 142*h + 1986. Let k be n(-14). Calculate j(k).
-18
Let w(h) = 7*h - 9. Let o(v) = 12*v - 20. Let a(i) = 12*i - 21. Let r(q) = 3*a(q) - 4*o(q). Let k(l) = 3*r(l) + 5*w(l). Determine k(7).
-1
Let y(x) = -x**3 + x - 12. Let o(j) = j**3 - 9*j**2 - 37*j + 12. Let t be (-42)/(-3) - (72/8 - 7). Let q be o(t). Calculate y(q).
-12
Suppose -5*l - 12 = 8. Let x be (1 + l/8)*6/3. Let h(d) = -3*d + 2 - x + 2*d + 7*d**3 - 6*d**3. What is h(2)?
7
Let v(b) = 5 - 8*b + 7*b + 1 + 6*b. Suppose 12*i + 100 = 7*i. Let j = i + 16. What is v(j)?
-14
Let h(m) be the third derivative of -m**4/24 + 4*m**3/3 - 2*m**2 + 209*m. Determine h(13).
-5
Let u = 650 + -643. Let p(z) = 1. Let l(a) = a. Let v(k) = l(k) - 4*p(k). Let d(j) = 2*j - 9. Let o(y) = 2*d(y) - 5*v(y). What is o(u)?
-5
Let r(z) be the second derivative of z**4/8 + 5*z**3/6 + 27*z**2/2 - 9*z + 3. Let x(m) be the first derivative of r(m). Calculate x(7).
26
Suppose 5*u + 4*f - 4 = 0, -3*f = 127 - 145. Let s(d) = 4*d**2 + 12*d - 13. Determine s(u).
3
Suppose -32 = 24*c - 21*c + 2*s, 0 = c + 5*s + 28. Let w(f) = -11*f + 10*f - 3*f + 7 + 3*f. What is w(c)?
15
Let b = -696 + 721. Suppose -b*q = -14*q - 55. Let r(n) = n**3 - 5*n**2 + 7*n - 1. Determine r(q).
34
Let m = 148 + -146. Let r(d) = -d + 37*d**2 + 1 + 22*d**2 + d**3 - 53*d**m. Calculate r(-6).
7
Suppose 11005*o = 11000*o. Let w(l) = -l**2 - 3*l - 11 + 4*l + 0*l**2. Determine w(o).
-11
Let r(z) be the second derivative of -2*z**3 + 14*z**2 - 3326*z. What is r(10)?
-92
Let u(v) = 6*v - v + 3 + 3*v**2 - 3*v**2 - v**3 - 5*v**2. Let m(a) = -a**2 + a + 6. Let g = 17 - 13. Let d be m(g). What is u(d)?
9
Suppose -3*n + 3982 = 178*n. Let z(b) = b**2 - 23*b + 22. Give z(n).
0
Let l(d) = -3*d**2 - 4*d. Let f(h) = h**2 + h. Let i(p) = -4*f(p) - l(p). Suppose -3*c = 2*s - 13, -22 = c + s - 27. Suppose 12*k + c = 15. What is i(k)?
-1
Let r(y) = -5*y**2 - 2*y - 2. Suppose 4*l + 8 = 0, -7*a - 2*l = -5*a + 20. Let z(u) = -5*u - 15*u**2 - 4 - 1 - u. Let k(o) = a*r(o) + 3*z(o). Calculate k(1).
-6
Let c = 87 + -34. Let u = -48 + c. Suppose 9*r - 56 = -u*r. Let j(m) = -2*m - 3. Calculate j(r).
-11
Let k be (-45)/3*-2*(-2 + 3). Let l(u) = -k - 33 + 96 + u**2 + 10*u - 22. Determine l(-8).
-5
Let x(n) = -4*n**2 + 11*n**2 - 455 + 455 - n**3 - 5*n. Suppose -4*g + 14 + 10 = 0. Let y be 12*(4 + (-21)/g). What is x(y)?
6
Suppose -5*n + z = -17, 5*z = -5*n + 3 + 2. Suppose -8 = -4*j + 3*w, n*j - 4*w = 5*j - 4. Let m(o) = o**2 - 9 - 2*o**2 + 8 + 5*o**2. Determine m(j).
15
Let g(z) = -5*z**2 + 24540 - 49083 + 0*z + 24542 + 2*z + 3*z. Suppose f = n - 2, -3*f + 0*n = 3*n - 18. What is g(f)?
-11
Let u be (-9 + 0)*497*8/84. Let o = u - -430. Let w(y) = -y**3 + 5*y**2 + 3. Give w(o).
19
Let s(r) be the first derivative of -r**3/3 + 5*r**2 - 18*r - 1197. Determine s(8).
-2
Let b(j) = 12924*j**2 + 2*j - 2219*j**2 - 3 - 10706*j**2. Let l = 2 - 1. Let z be 3 + 0 - (1 - l). Give b(z).
-6
Let c(i) = -26*i**2 + 3*i + 1. Let y = 1582 + -1583. What is c(y)?
-28
Let q(p) = 19*p - 53. Let d(o) = -29*o + 97. Let w(y) = 5*d(y) + 8*q(y). Calculate w(-6).
19
Let r(x) = x**3 - 3*x**2 - 5*x - 2. Suppose 2 = -2*p, 5 = s - 0*s - 3*p. Let b(k) = -4*k**3 + 12*k**2 + 20*k + 8. Let i(v) = s*b(v) + 9*r(v). Determine i(4).
-6
Let p(k) = -3*k**2 + 21*k. Let w(l) = -2*l**2 - 2*l + 3. Let v(a) = p(a) + 2*w(a). Calculate v(3).
-6
Let p(s) = -9*s**2 + 1181*s - 1422. Let o be p(130). Let u(m) be the third derivative of m**6/120 - 7*m**5/60 - 3*m**4/8 + m**3/2 + 2*m**2. Calculate u(o).
-5
Let l(j) be the third derivative of -7*j**5/120 - j**4/8 - 40*j**3/3 + 195*j**2. Let m(p) be the first derivative of l(p). What is m(-3)?
18
Let h(q) = 9*q**2 - 6*q**2 + q**3 + 11*q**2 - 9 - 1. Let m be h(-14). Let v be m/80 + 57/8. Let d(a) = a**2 - 7*a + 1. Give d(v).
1
Let b(n) = -4 - n - 3*n**2 + 2*n**2 + 2*n**2. Let k(p) = p**3 + 22*p**2 + 47*p + 144. Let x be k(-20). Calculate b(x).
8
Let j = -2828 + 2819. Let m(z) = -z**3 - 10*z**2 - 12*z - 33. Calculate m(j).
-6
Let q(h) = -h**2 - 14*h - 67. Suppose 50*n = 12*n - 43*n - 648. What is q(n)?
-19
Suppose 7*a = -5*a + 1152. Let d(k) = -k - 124 + 60 + a. Determine d(0).
32
Let b(o) = -2*o**2 + 8*o - 4. Let d = 441 + -264. Suppose 18 = d*r - 171*r. Calculate b(r).
2
Let m(v) = 10 + 24 + 10 + 2*v - 51. What is m(0)?
-7
Let d be (2/(-5))/(3/30). Let b = 13 + d. Suppose -b*f + 3*f = -6. Let q(j) = -8*j**3 + j**2 + j - 1. What is q(f)?
-7
Let z(w) = 5*w + 331. Let d(n) = 10*n + 336. Let x(g) = 4*d(g) - 5*z(g). Calculate x(20).
-11
Let r(t) = -7 + t + 2800*t**2 - 2801*t**2 + 0. What is r(2)?
-9
Suppose -28 = 2*k - 4*m, -511*m + 509*m = 0. Let b(p) = p**3 + 11*p**2 - 42*p - 12. Calculate b(k).
-12
Let h be (24/9)/((-6)/9). Let l be 992/434 - h/(-14). Let y(u) = 7*u - 2. Determine y(l).
12
Let v(h) = 41*h**2 - 6*h + 4. Let i(o) = -4*o**2 - 1. Let x(g) = 10*i(g) + v(g). Determine x(7).
1
Let a(u) = -2*u**2 + 5*u + 35. Let n be a(-3). Let k(v) = -8*v + 4. Calculate k(n).
-12
Let l(x) = -4*x - 2*x - 8 + 5*x + 0*x. Suppose -13*r - 88*r + 131 = 1141. What is l(r)?
2
Let c(b) = -27*b + 1355. Let m(y) = 6*y + 350. Let w be m(-50). What is c(w)?
5
Let h(u) be the third derivative of -u**4/8 + 20*u**3 - 301*u**2 - 3. Give h(36).
12
Let r(s) = s + 9 + 16 - 30 + 12. Let u = 43 - 38. Suppose -5*w - 1 = i + 24, u*i + 3*w = -37. Determine r(i).
2
Let m = -3 - -5. Let a(b) = -3*b + 1. Let c(h) = -7*h + 2. Let d(f) = m*c(f) - 5*a(f). Let g(w) = w**2 - 67*w - 943. Let s be g(-12). Determine d(s).
4
Let n(q) be the first derivative of -q**4/4 - 7*q**3/3 + q**2 - 3*q + 967. Let f be -6 + (0 + 1)*-1. What is n(f)?
-17
Suppose 6*t - 418 + 370 = 0. Let s(x) = 6*x - 31. Determine s(t).
17
Let m(c) = -c + 58. Let n(j) = -4. Let s(b) = m(b) + 6*n(b). Calculate s(-8).
42
Let y(q) be the first derivative of -3*q**2/2 + 6*q + 2. Suppose -462*n + 2200 + 1496 = 0. Calculate y(n).
-18
Let z(f) = -f**2 + 21*f - 23. Let r = -1773 - -1792. Calculate z(r).
15
Let j(k) = -8*k + 5 + 11*k - 3*k + 7*k. Let d = -146 - -151. Determine j(d).
40
Let y(v) = -v - 3. Let p(g) = -5*g - 11. Suppose -18 = 139*u - 137*u. Let b(l) = u*y(l) + 2*p(l). Calculate b(4).
1
Let x(p) = -2*p**2 - 23*p + 138. Let g be x(-24). Let l = -469 - g. Let b(o) = -o**3 - 7*o**2 + o + 10. What is b(l)?
3
Let c(p) be the first derivative of -p**2 - 6*p + 41. Let v(u) = 5*u + 13. Let m(k) = -13*c(k) - 6*v(k). Determine m(1).
-4
Let a be 2*((-99)/(-12) - 7)*16. Suppose 3*q = 43 + 80. Let m(n) = -3 + a*n - q*n + 1. Calculate m(3).
-5
Let n(b) = 2*b**3 + 10*b**2 - 11*b - 59. Let k be 10/(20/(-11) - (-266)/(-1463)). What is n(k)?
-4
Let b(v) = -v**3 - 3*v**2 - 2*v + 2. Suppose 5*s - 10 = 0, -5*o + o - s = -18. Suppose -69 = o*y + 19*y. Calculate b(y).
8
Let y be (-11)/((-99)/108)*(-2 - 16/(-6)). Let h(f) be the second derivative of f**5/20 - 2*f**4/3 - f**3/3 + 5*f**2 + 10*f. Calculate h(y).
-6
Let c(h) = -3*h**3 - 8 + h + 2*h